[INFO] fetching crate exonum-explorer-service 1.0.0...
[INFO] checking exonum-explorer-service-1.0.0 against master#af3c6e733a40e671550e0f0f5aeecaa13772ba56 for pr-74989
[INFO] extracting crate exonum-explorer-service 1.0.0 into /workspace/builds/worker-3/source
[INFO] validating manifest of crates.io crate exonum-explorer-service 1.0.0 on toolchain af3c6e733a40e671550e0f0f5aeecaa13772ba56
[INFO] running `Command { std: "/workspace/cargo-home/bin/cargo" "+af3c6e733a40e671550e0f0f5aeecaa13772ba56" "read-manifest" "--manifest-path" "Cargo.toml", kill_on_drop: false }`
[INFO] started tweaking crates.io crate exonum-explorer-service 1.0.0
[INFO] finished tweaking crates.io crate exonum-explorer-service 1.0.0
[INFO] tweaked toml for crates.io crate exonum-explorer-service 1.0.0 written to /workspace/builds/worker-3/source/Cargo.toml
[INFO] running `Command { std: "/workspace/cargo-home/bin/cargo" "+af3c6e733a40e671550e0f0f5aeecaa13772ba56" "generate-lockfile" "--manifest-path" "Cargo.toml" "-Zno-index-update", kill_on_drop: false }`
[INFO] running `Command { std: "/workspace/cargo-home/bin/cargo" "+af3c6e733a40e671550e0f0f5aeecaa13772ba56" "fetch" "--locked" "--manifest-path" "Cargo.toml", kill_on_drop: false }`
[INFO] running `Command { std: "docker" "create" "-v" "/var/lib/crater-agent-workspace/builds/worker-3/target:/opt/rustwide/target:rw,Z" "-v" "/var/lib/crater-agent-workspace/builds/worker-3/source:/opt/rustwide/workdir:ro,Z" "-v" "/var/lib/crater-agent-workspace/cargo-home:/opt/rustwide/cargo-home:ro,Z" "-v" "/var/lib/crater-agent-workspace/rustup-home:/opt/rustwide/rustup-home:ro,Z" "-e" "SOURCE_DIR=/opt/rustwide/workdir" "-e" "CARGO_TARGET_DIR=/opt/rustwide/target" "-e" "CARGO_HOME=/opt/rustwide/cargo-home" "-e" "RUSTUP_HOME=/opt/rustwide/rustup-home" "-w" "/opt/rustwide/workdir" "-m" "1610612736" "--user" "0:0" "--network" "none" "rustops/crates-build-env@sha256:d92eaeed33fa75130ca1ee6c8a01d1ffb62bac859dfdfb3450e3e5d1c0146529" "/opt/rustwide/cargo-home/bin/cargo" "+af3c6e733a40e671550e0f0f5aeecaa13772ba56" "metadata" "--no-deps" "--format-version=1", kill_on_drop: false }`
[INFO] [stdout] cf03e105aba9798f09cbea984c3276bf5a1433afd9867b8a2b8b39d3f887875c
[INFO] [stderr] WARNING: Your kernel does not support swap limit capabilities or the cgroup is not mounted. Memory limited without swap.
[INFO] running `Command { std: "docker" "start" "-a" "cf03e105aba9798f09cbea984c3276bf5a1433afd9867b8a2b8b39d3f887875c", kill_on_drop: false }`
[INFO] running `Command { std: "docker" "inspect" "cf03e105aba9798f09cbea984c3276bf5a1433afd9867b8a2b8b39d3f887875c", kill_on_drop: false }`
[INFO] running `Command { std: "docker" "rm" "-f" "cf03e105aba9798f09cbea984c3276bf5a1433afd9867b8a2b8b39d3f887875c", kill_on_drop: false }`
[INFO] [stdout] cf03e105aba9798f09cbea984c3276bf5a1433afd9867b8a2b8b39d3f887875c
[INFO] running `Command { std: "docker" "create" "-v" "/var/lib/crater-agent-workspace/builds/worker-3/target:/opt/rustwide/target:rw,Z" "-v" "/var/lib/crater-agent-workspace/builds/worker-3/source:/opt/rustwide/workdir:ro,Z" "-v" "/var/lib/crater-agent-workspace/cargo-home:/opt/rustwide/cargo-home:ro,Z" "-v" "/var/lib/crater-agent-workspace/rustup-home:/opt/rustwide/rustup-home:ro,Z" "-e" "SOURCE_DIR=/opt/rustwide/workdir" "-e" "CARGO_TARGET_DIR=/opt/rustwide/target" "-e" "CARGO_INCREMENTAL=0" "-e" "RUST_BACKTRACE=full" "-e" "RUSTFLAGS=--cap-lints=forbid" "-e" "CARGO_HOME=/opt/rustwide/cargo-home" "-e" "RUSTUP_HOME=/opt/rustwide/rustup-home" "-w" "/opt/rustwide/workdir" "-m" "1610612736" "--user" "0:0" "--network" "none" "rustops/crates-build-env@sha256:d92eaeed33fa75130ca1ee6c8a01d1ffb62bac859dfdfb3450e3e5d1c0146529" "/opt/rustwide/cargo-home/bin/cargo" "+af3c6e733a40e671550e0f0f5aeecaa13772ba56" "check" "--frozen" "--all" "--all-targets" "--message-format=json", kill_on_drop: false }`
[INFO] [stdout] b8e2d3f6b4d947f08da19ea6c7226865d654c14d1b5ab44d169999f8ff61fa1d
[INFO] [stderr] WARNING: Your kernel does not support swap limit capabilities or the cgroup is not mounted. Memory limited without swap.
[INFO] running `Command { std: "docker" "start" "-a" "b8e2d3f6b4d947f08da19ea6c7226865d654c14d1b5ab44d169999f8ff61fa1d", kill_on_drop: false }`
[INFO] [stderr]    Compiling syn v1.0.40
[INFO] [stderr]    Compiling log v0.4.11
[INFO] [stderr]     Checking once_cell v1.4.1
[INFO] [stderr]    Compiling protobuf v2.17.0
[INFO] [stderr]    Compiling remove_dir_all v0.5.3
[INFO] [stderr]     Checking copyless v0.1.5
[INFO] [stderr]    Compiling adler v0.2.3
[INFO] [stderr]     Checking regex-syntax v0.6.18
[INFO] [stderr]    Compiling fnv v1.0.7
[INFO] [stderr]    Compiling podio v0.1.7
[INFO] [stderr]    Compiling anyhow v1.0.32
[INFO] [stderr]    Compiling unicode-width v0.1.8
[INFO] [stderr]     Checking linked-hash-map v0.5.3
[INFO] [stderr]    Compiling bindgen v0.54.0
[INFO] [stderr]    Compiling vec_map v0.8.2
[INFO] [stderr]    Compiling lazycell v1.3.0
[INFO] [stderr]     Checking base64 v0.12.3
[INFO] [stderr]     Checking traitobject v0.1.0
[INFO] [stderr]     Checking futures-channel v0.3.5
[INFO] [stderr]     Checking bytestring v0.1.5
[INFO] [stderr]    Compiling nom v5.1.2
[INFO] [stderr]    Compiling proc-macro-error-attr v1.0.4
[INFO] [stderr]    Compiling proc-macro-error v1.0.4
[INFO] [stderr]     Checking tracing-core v0.1.16
[INFO] [stderr]     Checking lock_api v0.4.1
[INFO] [stderr]     Checking http v0.2.1
[INFO] [stderr]    Compiling clang-sys v0.29.3
[INFO] [stderr]    Compiling miniz_oxide v0.4.1
[INFO] [stderr]    Compiling textwrap v0.11.0
[INFO] [stderr]     Checking futures-task v0.3.5
[INFO] [stderr]    Compiling libc v0.2.77
[INFO] [stderr]     Checking lru-cache v0.1.2
[INFO] [stderr]     Checking signal-hook-registry v1.2.1
[INFO] [stderr]     Checking getrandom v0.1.15
[INFO] [stderr]     Checking parking_lot_core v0.8.0
[INFO] [stderr]     Checking socket2 v0.3.15
[INFO] [stderr]     Checking hostname v0.3.1
[INFO] [stderr]     Checking atty v0.2.14
[INFO] [stderr]     Checking parking_lot_core v0.7.2
[INFO] [stderr]     Checking aho-corasick v0.7.13
[INFO] [stderr]     Checking flate2 v1.0.17
[INFO] [stderr]     Checking base64 v0.10.1
[INFO] [stderr]     Checking base64 v0.9.3
[INFO] [stderr]     Checking threadpool v1.8.1
[INFO] [stderr]     Checking clap v2.33.3
[INFO] [stderr]     Checking resolv-conf v0.6.3
[INFO] [stderr]     Checking num-integer v0.1.43
[INFO] [stderr]    Compiling num-traits v0.1.43
[INFO] [stderr]     Checking crossbeam-channel v0.4.4
[INFO] [stderr]     Checking rand_core v0.5.1
[INFO] [stderr]     Checking parking_lot v0.10.2
[INFO] [stderr]     Checking mio v0.6.22
[INFO] [stderr]     Checking tracing v0.1.19
[INFO] [stderr]     Checking want v0.3.0
[INFO] [stderr]     Checking log v0.3.9
[INFO] [stderr]     Checking parking_lot v0.11.0
[INFO] [stderr]    Compiling jobserver v0.1.21
[INFO] [stderr]    Compiling filetime v0.2.12
[INFO] [stderr]    Compiling time v0.1.44
[INFO] [stderr]    Compiling xattr v0.2.2
[INFO] [stderr]    Compiling num_cpus v1.13.0
[INFO] [stderr]    Compiling which v3.1.1
[INFO] [stderr]    Compiling enum-primitive-derive v0.1.2
[INFO] [stderr]     Checking rand_chacha v0.2.2
[INFO] [stderr]     Checking websocket-base v0.24.0
[INFO] [stderr]     Checking mime v0.2.6
[INFO] [stderr]    Compiling cc v1.0.59
[INFO] [stderr]    Compiling tar v0.4.30
[INFO] [stderr]     Checking mio-uds v0.6.8
[INFO] [stderr]     Checking crossbeam v0.7.3
[INFO] [stderr]     Checking rand v0.7.3
[INFO] [stderr]     Checking hyper v0.10.16
[INFO] [stderr]     Checking http-body v0.3.1
[INFO] [stderr]     Checking regex v1.3.9
[INFO] [stderr]    Compiling cexpr v0.4.0
[INFO] [stderr]     Checking tempfile v3.1.0
[INFO] [stderr]     Checking uuid v0.8.1
[INFO] [stderr]     Checking env_logger v0.7.1
[INFO] [stderr]    Compiling bzip2-sys v0.1.9+1.0.8
[INFO] [stderr]    Compiling libloading v0.5.2
[INFO] [stderr]    Compiling brotli-sys v0.3.2
[INFO] [stderr]    Compiling clear_on_drop v0.2.4
[INFO] [stderr]    Compiling openssl-sys v0.9.58
[INFO] [stderr]     Checking websocket v0.24.0
[INFO] [stderr]     Checking secret-tree v0.2.0
[INFO] [stderr]    Compiling openssl v0.10.30
[INFO] [stderr]    Compiling native-tls v0.2.4
[INFO] [stderr]    Compiling bzip2 v0.3.3
[INFO] [stderr]    Compiling zip v0.5.6
[INFO] [stderr]     Checking brotli2 v0.3.2
[INFO] [stderr]    Compiling exonum_libsodium-sys v0.0.23
[INFO] [stderr]    Compiling synstructure v0.12.4
[INFO] [stderr]    Compiling darling_core v0.10.2
[INFO] [stderr]    Compiling serde_derive v1.0.116
[INFO] [stderr]    Compiling thiserror-impl v1.0.20
[INFO] [stderr]    Compiling pin-project-internal v0.4.23
[INFO] [stderr]    Compiling tokio-macros v0.2.5
[INFO] [stderr]    Compiling futures-macro v0.3.5
[INFO] [stderr]    Compiling derive_more v0.99.10
[INFO] [stderr]    Compiling actix-macros v0.1.2
[INFO] [stderr]    Compiling failure_derive v0.1.8
[INFO] [stderr]    Compiling enum-as-inner v0.3.3
[INFO] [stderr]    Compiling async-trait v0.1.40
[INFO] [stderr]    Compiling structopt-derive v0.4.10
[INFO] [stderr]    Compiling actix-web-codegen v0.2.2
[INFO] [stderr]    Compiling ctor v0.1.15
[INFO] [stderr]    Compiling actix_derive v0.5.0
[INFO] [stderr]    Compiling darling_macro v0.10.2
[INFO] [stderr]     Checking tokio v0.2.22
[INFO] [stderr]     Checking failure v0.1.8
[INFO] [stderr]    Compiling thiserror v1.0.20
[INFO] [stderr]    Compiling which v4.0.2
[INFO] [stderr]    Compiling protoc v2.17.0
[INFO] [stderr]    Compiling darling v0.10.2
[INFO] [stderr]     Checking structopt v0.3.17
[INFO] [stderr]     Checking pin-project v0.4.23
[INFO] [stderr]     Checking futures-util v0.3.5
[INFO] [stderr]     Checking actix-threadpool v0.3.3
[INFO] [stderr]     Checking serde v1.0.116
[INFO] [stderr]    Compiling librocksdb-sys v6.11.4
[INFO] [stderr]     Checking tokio-util v0.3.1
[INFO] [stderr]     Checking tokio-util v0.2.0
[INFO] [stderr]     Checking tokio-tls v0.3.1
[INFO] [stderr]     Checking actix-codec v0.3.0
[INFO] [stderr]     Checking actix-codec v0.2.0
[INFO] [stderr]     Checking futures-executor v0.3.5
[INFO] [stderr]     Checking actix-rt v1.1.1
[INFO] [stderr]     Checking actix-service v1.0.6
[INFO] [stderr]     Checking h2 v0.2.6
[INFO] [stderr]     Checking futures v0.3.5
[INFO] [stderr]     Checking trust-dns-proto v0.18.0-alpha.2
[INFO] [stderr]     Checking actix-utils v1.0.6
[INFO] [stderr]     Checking actix-utils v2.0.0
[INFO] [stderr]     Checking actix-server v1.0.4
[INFO] [stderr]     Checking actix-tls v1.0.0
[INFO] [stderr]     Checking actix-testing v1.0.1
[INFO] [stderr]     Checking trust-dns-resolver v0.18.0-alpha.2
[INFO] [stderr]     Checking chrono v0.4.15
[INFO] [stderr]     Checking serde_json v1.0.57
[INFO] [stderr]     Checking serde_urlencoded v0.6.1
[INFO] [stderr]     Checking base64-serde v0.5.1
[INFO] [stderr] error: could not compile `h2`.
[INFO] [stderr] 
[INFO] [stderr] Caused by:
[INFO] [stderr]   process didn't exit successfully: `rustc --crate-name h2 --edition=2018 /opt/rustwide/cargo-home/registry/src/github.com-1ecc6299db9ec823/h2-0.2.6/src/lib.rs --error-format=json --json=diagnostic-rendered-ansi --crate-type lib --emit=dep-info,metadata -C embed-bitcode=no -C debuginfo=2 -C metadata=3817fe06d60b2539 -C extra-filename=-3817fe06d60b2539 --out-dir /opt/rustwide/target/debug/deps -L dependency=/opt/rustwide/target/debug/deps --extern bytes=/opt/rustwide/target/debug/deps/libbytes-94736955f1f3c1e5.rmeta --extern fnv=/opt/rustwide/target/debug/deps/libfnv-9480b9b5ca08fe13.rmeta --extern futures_core=/opt/rustwide/target/debug/deps/libfutures_core-c17f700371417c3d.rmeta --extern futures_sink=/opt/rustwide/target/debug/deps/libfutures_sink-db7f569c2e3cd6de.rmeta --extern futures_util=/opt/rustwide/target/debug/deps/libfutures_util-b2ed5bf0b0ca92e9.rmeta --extern http=/opt/rustwide/target/debug/deps/libhttp-2ac59fce0ba35b4b.rmeta --extern indexmap=/opt/rustwide/target/debug/deps/libindexmap-48e5acade39466d1.rmeta --extern slab=/opt/rustwide/target/debug/deps/libslab-259161656569c6a2.rmeta --extern tokio=/opt/rustwide/target/debug/deps/libtokio-ec81514852ce1293.rmeta --extern tokio_util=/opt/rustwide/target/debug/deps/libtokio_util-55bab4bf5b8b8d75.rmeta --extern tracing=/opt/rustwide/target/debug/deps/libtracing-06cafc137e62970c.rmeta --cap-lints allow --cap-lints=forbid` (signal: 9, SIGKILL: kill)
[INFO] [stderr] warning: build failed, waiting for other jobs to finish...
[INFO] [stderr] The following warnings were emitted during compilation:
[INFO] [stderr] 
[INFO] [stderr] warning: c++: fatal error: Killed signal terminated program cc1plus
[INFO] [stderr] warning: compilation terminated.
[INFO] [stderr] warning: c++: fatal error: Killed signal terminated program cc1plus
[INFO] [stderr] warning: compilation terminated.
[INFO] [stderr] warning: c++: fatal error: Killed signal terminated program cc1plus
[INFO] [stderr] warning: compilation terminated.
[INFO] [stderr] warning: c++: fatal error: Killed signal terminated program cc1plus
[INFO] [stderr] warning: compilation terminated.
[INFO] [stderr] warning: c++: fatal error: Killed signal terminated program cc1plus
[INFO] [stderr] warning: compilation terminated.
[INFO] [stderr] warning: c++: fatal error: Killed signal terminated program cc1plus
[INFO] [stderr] warning: compilation terminated.
[INFO] [stderr] warning: c++: fatal error: Killed signal terminated program cc1plus
[INFO] [stderr] warning: compilation terminated.
[INFO] [stderr] warning: c++: fatal error: Killed signal terminated program cc1plus
[INFO] [stderr] warning: compilation terminated.
[INFO] [stderr] warning: c++: fatal error: Killed signal terminated program cc1plus
[INFO] [stderr] warning: compilation terminated.
[INFO] [stderr] 
[INFO] [stderr] error: build failed
[INFO] running `Command { std: "docker" "inspect" "b8e2d3f6b4d947f08da19ea6c7226865d654c14d1b5ab44d169999f8ff61fa1d", kill_on_drop: false }`
[INFO] running `Command { std: "docker" "rm" "-f" "b8e2d3f6b4d947f08da19ea6c7226865d654c14d1b5ab44d169999f8ff61fa1d", kill_on_drop: false }`
[INFO] [stdout] b8e2d3f6b4d947f08da19ea6c7226865d654c14d1b5ab44d169999f8ff61fa1d
